{"id":1403,"date":"2016-06-15T12:37:10","date_gmt":"2016-06-15T10:37:10","guid":{"rendered":"http:\/\/www.bavarian-pathfinders.de\/?page_id=1403"},"modified":"2016-06-15T13:10:03","modified_gmt":"2016-06-15T11:10:03","slug":"gps-live-tracking","status":"publish","type":"page","link":"http:\/\/www.bavarian-pathfinders.de\/?page_id=1403","title":{"rendered":"GPS Live Tracking"},"content":{"rendered":"<h4 style=\"text-align: center;\"><a href=\"http:\/\/www.bavarian-pathfinders.de\/?page_id=1403#trackinginfo\">Details zu den Tracking-Systemen<\/a><\/h4>\n<p style=\"text-align: left;\"><div class=\"tabs\"><ul> <li><a href=\"#tab1\" title=\"GPS Live Tracking - Bavarian Pathfinders\">GPS Live Tracking - Bavarian Pathfinders<\/a><\/li><li><a href=\"#tab2\" title=\"Baltic Sea Circle -  SAC-Track - Team 131\">Baltic Sea Circle -  SAC-Track - Team 131<\/a><\/li><li><a href=\"#tab3\" title=\"Baltic Sea Circle - SAC-Track - Alle Teams\">Baltic Sea Circle - SAC-Track - Alle Teams<\/a><\/li><div class=\"clear\"><\/div><\/ul><div class=\"tabs-container\">\n<div id=\"tab1\"><p>\n<p align=\"center\"><a class=\"btn btn-primary \" href=\"http:\/\/event.gps-live-tracking.com\/track\/?trackId=3785&amp;centerLat=59.326242&amp;centerLon=17.8474647&amp;zoom=5&amp;mapType=roadmap&amp;mapTypeControl=on&amp;autoFollow=true&amp;autoFollowZoom=12\"><i class=\"fa fa-external-link\"><\/i> Tracking in Vollbild anzeigen<\/a>\n<p><iframe loading=\"lazy\" src=\"http:\/\/event.gps-live-tracking.com\/track\/?trackId=3785&amp;centerLat=59.326242&amp;centerLon=17.8474647&amp;zoom=5&amp;mapType=roadmap&amp;mapTypeControl=on&amp;autoFollow=true&amp;autoFollowZoom=12\" width=\"1024\" height=\"768\" frameborder=\"0\" allowfullscreen=\"allowfullscreen\"><\/iframe> <\/p><\/div>\n<div id=\"tab2\"><p>\n<p align=\"center\"><a class=\"btn btn-primary \" href=\"http:\/\/sactrack.knowhere-media.de\/map\/#\/bsc-2016\/131\"><i class=\"fa fa-external-link\"><\/i> Tracking in Vollbild anzeigen<\/a>\n<p><iframe loading=\"lazy\" src=\"http:\/\/sactrack.knowhere-media.de\/map\/#\/bsc-2016\/131\" width=\"1024\" height=\"768\" frameborder=\"0\" allowfullscreen=\"allowfullscreen\"><\/iframe> <\/p><\/div>\n<div id=\"tab3\"><p>\n<p align=\"center\"><a class=\"btn btn-primary \" href=\"http:\/\/sactrack.knowhere-media.de\/map\/#\/bsc-2016\"><i class=\"fa fa-external-link\"><\/i> Tracking in Vollbild anzeigen<\/a>\n<p><iframe loading=\"lazy\" src=\"http:\/\/sactrack.knowhere-media.de\/map\/#\/bsc-2016\" width=\"1024\" height=\"768\" frameborder=\"0\" allowfullscreen=\"allowfullscreen\"><\/iframe> <\/p><\/div>\n<div class=\"clear\"><\/div><\/div><\/div>\n<h2><a id=\"trackinginfo\"><\/a>Die Tracking-Systeme:<\/h2>\n<h4>GPS-Live-Tracking:<\/h4>\n<p>Ein Dienst, den wir bereits von der Allg\u00e4u-Orient-Rallye kennen. Wir f\u00fchren in unserem Auto einen extra daf\u00fcr gemieteten &#8222;Spot&#8220;, also ein kleines Ger\u00e4t mit, welches die GPS Position per Satellit \u00fcbermittelt. Das GPS Tracking ist somit tats\u00e4chlich LIVE, da wir keine Internetverbindung oder \u00e4hnliches ben\u00f6tigen. Jegliche Kommunikation erfolgt \u00fcber die weltweit verf\u00fcgbaren Satelliten und erm\u00f6glicht so eine exakte Positionsbestimmung. Das \u00dcbermittlungsintervall betr\u00e4gt dabei 5 Minuten. Das von GPS-Live-Tracking zur Verf\u00fcgung gestellte System stellt diese Punkte ansprechend auf einer Karte dar und nutzt Google Maps um die Punkte m\u00f6glichst sinnvoll mit der Routenplanung von Google Maps zu verbinden.<\/p>\n<p>Wir hatten uns privat dazu entschieden, Tracking \u00fcber diese Variante anzubieten, da bis kurz vor Rallye-Start kein Tracking-Angebot des Rallye-Organisators bestand<\/p>\n<h4>Baltic Sea Circle 2016 &#8211; SAC Track:<\/h4>\n<p>Zwei Wochen vor Start erhielten wir dann eine eMail \u00fcber ein Tracking-Angebot des Veranstalters (SAC). Hier wird eine App auf dem Smartphone verwendet, die die zur\u00fcckgelegte Strecke aufzeichnet und sobald das Smartphone das n\u00e4chste Mal online geht, alle Wegpunkte hochl\u00e4dt. Das Tracking erfolgt also \u00fcber bereits bestehende Hardware, bietet aber den Nachteil, dass dies nicht wirklich Live sein muss. Wenn wir also \u00fcber eine l\u00e4ngere Strecke keine Internetverbindung haben, wird es aussehen, als w\u00fcrden wir still stehen. Daf\u00fcr bietet der SAC Track aber die M\u00f6glichkeit alle Teams zu sehen und zu verfolgen. Somit kann man zumindest vermuten, wo wir im Vergleich zu den anderen im Feld stehen, bzw. welche Routen die einzelnen Teams gew\u00e4hlt haben.<\/p>\n<p>Es gibt hier leider kein konstantes Aktualisierungsintervall! \u00dcber die beiden Tabs k\u00f6nnt ihr aber auf die Schnelle ausw\u00e4hlen ob ihr alle Teams oder nur unser Team sehen wollt. Hier verlinkt ist dabei nur das erste Auto (Team 131), da wir sowieso im Verbund von drei Autos fahren werden. Die anderen beiden Autos k\u00f6nnt ihr aber \u00fcber die Team-Auswahl auf der SAC-Track Seite auch manuell ausw\u00e4hlen.<\/p>\n","protected":false},"excerpt":{"rendered":"<p>Details zu den Tracking-Systemen Die Tracking-Systeme: GPS-Live-Tracking: Ein Dienst, den wir bereits von der Allg\u00e4u-Orient-Rallye kennen. Wir f\u00fchren in unserem Auto einen extra daf\u00fcr gemieteten &#8222;Spot&#8220;, also ein kleines Ger\u00e4t mit, welches die GPS Position per Satellit \u00fcbermittelt. Das GPS Tracking ist somit tats\u00e4chlich LIVE, da wir keine Internetverbindung oder \u00e4hnliches ben\u00f6tigen. Jegliche Kommunikation erfolgt<a class=\"read-more \" href=\"http:\/\/www.bavarian-pathfinders.de\/?page_id=1403\" title=\"Read More\"> <span class=\"button default\">Read More<\/span><\/a><\/p>\n","protected":false},"author":1,"featured_media":1422,"parent":1243,"menu_order":0,"comment_status":"closed","ping_status":"closed","template":"","meta":{"jetpack_post_was_ever_published":false,"footnotes":""},"jetpack_sharing_enabled":true,"jetpack_shortlink":"https:\/\/wp.me\/P33xOy-mD","_links":{"self":[{"href":"http:\/\/www.bavarian-pathfinders.de\/index.php?rest_route=\/wp\/v2\/pages\/1403"}],"collection":[{"href":"http:\/\/www.bavarian-pathfinders.de\/index.php?rest_route=\/wp\/v2\/pages"}],"about":[{"href":"http:\/\/www.bavarian-pathfinders.de\/index.php?rest_route=\/wp\/v2\/types\/page"}],"author":[{"embeddable":true,"href":"http:\/\/www.bavarian-pathfinders.de\/index.php?rest_route=\/wp\/v2\/users\/1"}],"replies":[{"embeddable":true,"href":"http:\/\/www.bavarian-pathfinders.de\/index.php?rest_route=%2Fwp%2Fv2%2Fcomments&post=1403"}],"version-history":[{"count":18,"href":"http:\/\/www.bavarian-pathfinders.de\/index.php?rest_route=\/wp\/v2\/pages\/1403\/revisions"}],"predecessor-version":[{"id":1423,"href":"http:\/\/www.bavarian-pathfinders.de\/index.php?rest_route=\/wp\/v2\/pages\/1403\/revisions\/1423"}],"up":[{"embeddable":true,"href":"http:\/\/www.bavarian-pathfinders.de\/index.php?rest_route=\/wp\/v2\/pages\/1243"}],"wp:featuredmedia":[{"embeddable":true,"href":"http:\/\/www.bavarian-pathfinders.de\/index.php?rest_route=\/wp\/v2\/media\/1422"}],"wp:attachment":[{"href":"http:\/\/www.bavarian-pathfinders.de\/index.php?rest_route=%2Fwp%2Fv2%2Fmedia&parent=1403"}],"curies":[{"name":"wp","href":"https:\/\/api.w.org\/{rel}","templated":true}]}}