{"id":14,"date":"2012-07-11T12:49:28","date_gmt":"2012-07-11T10:49:28","guid":{"rendered":"http:\/\/bavarian-pf.hoschi.org\/?page_id=14"},"modified":"2016-02-06T16:03:42","modified_gmt":"2016-02-06T14:03:42","slug":"das-team","status":"publish","type":"page","link":"http:\/\/www.bavarian-pathfinders.de\/?page_id=14","title":{"rendered":"Das Team 2013"},"content":{"rendered":"<p>Unser Team besteht aus sechs positiv verr\u00fcckten Bayern, die sich 2013 in eines der letzten automobilen Abenteuer dieser Welt st\u00fcrzen wollen! Namentlich sind das:<\/p>\n<ul>\n<li><a title=\"QuPe\" href=\"http:\/\/www.bavarian-pathfinders.de\/?page_id=17\">QuPe, der Teamchef<\/a><\/li>\n<li><a title=\"Slash\" href=\"http:\/\/www.bavarian-pathfinders.de\/?page_id=22\">Slash, der Navigator<\/a><\/li>\n<li><a title=\"Pit\" href=\"http:\/\/www.bavarian-pathfinders.de\/?page_id=20\">Pit, &#8222;Komb\u00fcse I&#8220;<\/a><\/li>\n<li><a title=\"Andi\" href=\"http:\/\/www.bavarian-pathfinders.de\/?page_id=64\">Andi, &#8222;Komb\u00fcse II&#8220;<\/a><\/li>\n<li><a title=\"Matze\" href=\"http:\/\/www.bavarian-pathfinders.de\/?page_id=66\">Matze, der Schrauber<\/a><\/li>\n<li><a title=\"\u00c4pfel\" href=\"http:\/\/www.bavarian-pathfinders.de\/?page_id=68\">\u00c4pfel, der Fahrer<\/a><\/li>\n<\/ul>\n<p>&nbsp;<\/p>\n","protected":false},"excerpt":{"rendered":"<p>Unser Team besteht aus sechs positiv verr\u00fcckten Bayern, die sich 2013 in eines der letzten automobilen Abenteuer dieser Welt st\u00fcrzen wollen! Namentlich sind das: QuPe, der Teamchef Slash, der Navigator Pit, &#8222;Komb\u00fcse I&#8220; Andi, &#8222;Komb\u00fcse II&#8220; Matze, der Schrauber \u00c4pfel, der Fahrer &nbsp;<a class=\"read-more \" href=\"http:\/\/www.bavarian-pathfinders.de\/?page_id=14\" title=\"Read More\"> <span class=\"button default\">Read More<\/span><\/a><\/p>\n","protected":false},"author":1,"featured_media":0,"parent":1194,"menu_order":0,"comment_status":"closed","ping_status":"closed","template":"","meta":{"jetpack_post_was_ever_published":false,"footnotes":""},"jetpack_sharing_enabled":true,"jetpack_shortlink":"https:\/\/wp.me\/P33xOy-e","_links":{"self":[{"href":"http:\/\/www.bavarian-pathfinders.de\/index.php?rest_route=\/wp\/v2\/pages\/14"}],"collection":[{"href":"http:\/\/www.bavarian-pathfinders.de\/index.php?rest_route=\/wp\/v2\/pages"}],"about":[{"href":"http:\/\/www.bavarian-pathfinders.de\/index.php?rest_route=\/wp\/v2\/types\/page"}],"author":[{"embeddable":true,"href":"http:\/\/www.bavarian-pathfinders.de\/index.php?rest_route=\/wp\/v2\/users\/1"}],"replies":[{"embeddable":true,"href":"http:\/\/www.bavarian-pathfinders.de\/index.php?rest_route=%2Fwp%2Fv2%2Fcomments&post=14"}],"version-history":[{"count":16,"href":"http:\/\/www.bavarian-pathfinders.de\/index.php?rest_route=\/wp\/v2\/pages\/14\/revisions"}],"predecessor-version":[{"id":1193,"href":"http:\/\/www.bavarian-pathfinders.de\/index.php?rest_route=\/wp\/v2\/pages\/14\/revisions\/1193"}],"up":[{"embeddable":true,"href":"http:\/\/www.bavarian-pathfinders.de\/index.php?rest_route=\/wp\/v2\/pages\/1194"}],"wp:attachment":[{"href":"http:\/\/www.bavarian-pathfinders.de\/index.php?rest_route=%2Fwp%2Fv2%2Fmedia&parent=14"}],"curies":[{"name":"wp","href":"https:\/\/api.w.org\/{rel}","templated":true}]}}