{"id":1286,"date":"2016-02-25T16:36:29","date_gmt":"2016-02-25T14:36:29","guid":{"rendered":"http:\/\/www.bavarian-pathfinders.de\/?page_id=1286"},"modified":"2017-08-03T12:14:31","modified_gmt":"2017-08-03T10:14:31","slug":"spenden","status":"publish","type":"page","link":"http:\/\/www.bavarian-pathfinders.de\/?page_id=1286","title":{"rendered":"Spenden 2016"},"content":{"rendered":"<p>Die Grundidee hinter dem Baltic Sea Circle, bzw. allgemein bei allen Rallye&#8217;s dieser Art, ist nicht nur selbst ein Abenteuer zu erleben, sondern vor allem auch anderen Menschen zu helfen. Dieser humanit\u00e4re Grundgedanke\u00a0steht zusammen mit der V\u00f6lkerverst\u00e4ndigung st\u00e4ndig im Vordergrund, von der Vorbereitung bis zum Zieleinlauf und manchmal auch noch viel l\u00e4nger. W\u00e4hrend wir bei der Allg\u00e4u-Orient-Rallye pers\u00f6nlich Hilfe von Deutschland bis nach Jordanien bringen konnten, und somit im Jahr 2013 haupts\u00e4chlich in den besuchten orientalischen L\u00e4ndern Spenden etc. \u00fcberbringen konnten, erm\u00f6glicht uns die BSC Rallye in diesem Jahr &#8222;zuhause&#8220; zu helfen.<\/p>\n<p>Im Rahmen des Baltic Sea Circle ist es bereits in der Vorbereitung die Aufgabe jedes Teams eine gewisse Summe an Spenden f\u00fcr Hilfsorganisationen zu sammeln, und so die Aufmerksamkeit, die auf uns und unser Abenteuer f\u00e4llt, sinnvoll zu nutzen. Dabei gehen 50 % der Spenden an ausgew\u00e4hlte Organisationen des Veranstalters, w\u00e4hrend die restlichen 50 % an eine vom Team gew\u00e4hlte gemeinn\u00fctzige Organisation gespendet werden. Im Vorjahr kamen so \u00fcber 150.000 \u20ac Spenden zusammen!<\/p>\n<p>Die Bavarian Pathfinders unterst\u00fctzen hierbei folgende Organisationen:<\/p>\n<ul>\n<li><a href=\"http:\/\/www.bavarian-pathfinders.de\/?page_id=1305\">Stiftung Kartei der Not<\/a><\/li>\n<li><a href=\"http:\/\/www.bavarian-pathfinders.de\/?page_id=1292\">&#8222;Die Arche&#8220; christliches Kinder- und Jugendwerk e.V.<\/a><\/li>\n<\/ul>\n<p>Die Regeln des BSC schreiben eine Gesamtsumme von 750,- \u20ac Spenden pro Team (1 Team = 1 Fahrzeug) vor. Da unser Team quasi aus drei Teams besteht, betr\u00e4gt unser Spendenziel 2.250,- \u20ac. Das macht somit mindestens 1.125,- \u20ac pro Organisation!<\/p>\n<p>Damit Ihr Euer schwer verdientes Geld nicht erst uns anvertrauen m\u00fcsst, bieten wir f\u00fcr beide Organisationen die M\u00f6glichkeit direkt zu spenden. Wie das abl\u00e4uft erfahrt Ihr auf der jeweiligen Unterseite, die wir f\u00fcr die beiden Spendenaktionen erstellt haben.<\/p>\n","protected":false},"excerpt":{"rendered":"<p>Die Grundidee hinter dem Baltic Sea Circle, bzw. allgemein bei allen Rallye&#8217;s dieser Art, ist nicht nur selbst ein Abenteuer zu erleben, sondern vor allem auch anderen Menschen zu helfen. Dieser humanit\u00e4re Grundgedanke\u00a0steht zusammen mit der V\u00f6lkerverst\u00e4ndigung st\u00e4ndig im Vordergrund, von der Vorbereitung bis zum Zieleinlauf und manchmal auch noch viel l\u00e4nger. W\u00e4hrend wir bei<a class=\"read-more \" href=\"http:\/\/www.bavarian-pathfinders.de\/?page_id=1286\" title=\"Read More\"> <span class=\"button default\">Read More<\/span><\/a><\/p>\n","protected":false},"author":1,"featured_media":0,"parent":1243,"menu_order":0,"comment_status":"closed","ping_status":"closed","template":"","meta":{"jetpack_post_was_ever_published":false,"footnotes":""},"jetpack_sharing_enabled":true,"jetpack_shortlink":"https:\/\/wp.me\/P33xOy-kK","_links":{"self":[{"href":"http:\/\/www.bavarian-pathfinders.de\/index.php?rest_route=\/wp\/v2\/pages\/1286"}],"collection":[{"href":"http:\/\/www.bavarian-pathfinders.de\/index.php?rest_route=\/wp\/v2\/pages"}],"about":[{"href":"http:\/\/www.bavarian-pathfinders.de\/index.php?rest_route=\/wp\/v2\/types\/page"}],"author":[{"embeddable":true,"href":"http:\/\/www.bavarian-pathfinders.de\/index.php?rest_route=\/wp\/v2\/users\/1"}],"replies":[{"embeddable":true,"href":"http:\/\/www.bavarian-pathfinders.de\/index.php?rest_route=%2Fwp%2Fv2%2Fcomments&post=1286"}],"version-history":[{"count":7,"href":"http:\/\/www.bavarian-pathfinders.de\/index.php?rest_route=\/wp\/v2\/pages\/1286\/revisions"}],"predecessor-version":[{"id":1521,"href":"http:\/\/www.bavarian-pathfinders.de\/index.php?rest_route=\/wp\/v2\/pages\/1286\/revisions\/1521"}],"up":[{"embeddable":true,"href":"http:\/\/www.bavarian-pathfinders.de\/index.php?rest_route=\/wp\/v2\/pages\/1243"}],"wp:attachment":[{"href":"http:\/\/www.bavarian-pathfinders.de\/index.php?rest_route=%2Fwp%2Fv2%2Fmedia&parent=1286"}],"curies":[{"name":"wp","href":"https:\/\/api.w.org\/{rel}","templated":true}]}}