{"id":1223,"date":"2016-02-08T14:36:06","date_gmt":"2016-02-08T12:36:06","guid":{"rendered":"http:\/\/www.bavarian-pathfinders.de\/?page_id=1223"},"modified":"2016-02-13T21:48:53","modified_gmt":"2016-02-13T19:48:53","slug":"aepfel","status":"publish","type":"page","link":"http:\/\/www.bavarian-pathfinders.de\/?page_id=1223","title":{"rendered":"\u00c4pfel"},"content":{"rendered":"<p><strong><img loading=\"lazy\" decoding=\"async\" class=\"alignright size-medium wp-image-860\" src=\"http:\/\/www.bavarian-pathfinders.de\/wp-content\/uploads\/2013\/04\/Aepfel-199x300.jpg\" alt=\"Aepfel.jpg\" width=\"199\" height=\"300\" srcset=\"http:\/\/www.bavarian-pathfinders.de\/wp-content\/uploads\/2013\/04\/Aepfel-199x300.jpg 199w, http:\/\/www.bavarian-pathfinders.de\/wp-content\/uploads\/2013\/04\/Aepfel-99x150.jpg 99w, http:\/\/www.bavarian-pathfinders.de\/wp-content\/uploads\/2013\/04\/Aepfel.jpg 533w\" sizes=\"(max-width: 199px) 100vw, 199px\" \/>Fahrer und Schrauber:<\/strong> Brenn\u00a0Dirk, genannt <strong>\u00c4pfel<\/strong><\/p>\n<p>Langj\u00e4hriger Autocrosspilot und damit auch fr\u00fcherer Wegbegleiter von QuPe.\u00a0Vor dem Start die Ruhe in Person, &#8211; nach dem Start nicht mehr aufzuhalten!\u00a0Gelernter Funkentretzer mit Schrauberqualit\u00e4ten, leistet seit geraumer Zeit Entwicklungshilfe bei den 7&#8217;ern!<\/p>\n<p><em><strong>Allg\u00e4u-Orient-Rallye 2013 &#8211; Veteran:<br \/>\n&#8211; &#8222;A&#8217;h wah, des godd scho!&#8220; &#8211;\u00a0<\/strong><\/em><\/p>\n<p><strong>Rallye-Fahrzeug:\u00a0<\/strong><br \/>\n<strong>Fahrerkollege:<\/strong>\u00a0<a href=\"http:\/\/www.bavarian-pathfinders.de\/?page_id=1225\">Andreas &#8222;Andi&#8220; Wanielik<\/a><\/p>\n","protected":false},"excerpt":{"rendered":"<p>Fahrer und Schrauber: Brenn\u00a0Dirk, genannt \u00c4pfel Langj\u00e4hriger Autocrosspilot und damit auch fr\u00fcherer Wegbegleiter von QuPe.\u00a0Vor dem Start die Ruhe in Person, &#8211; nach dem Start nicht mehr aufzuhalten!\u00a0Gelernter Funkentretzer mit Schrauberqualit\u00e4ten, leistet seit geraumer Zeit Entwicklungshilfe bei den 7&#8217;ern! Allg\u00e4u-Orient-Rallye 2013 &#8211; Veteran: &#8211; &#8222;A&#8217;h wah, des godd scho!&#8220; &#8211;\u00a0 Rallye-Fahrzeug:\u00a0 Fahrerkollege:\u00a0Andreas &#8222;Andi&#8220; Wanielik<a class=\"read-more \" href=\"http:\/\/www.bavarian-pathfinders.de\/?page_id=1223\" title=\"Read More\"> <span class=\"button default\">Read More<\/span><\/a><\/p>\n","protected":false},"author":1,"featured_media":0,"parent":1203,"menu_order":0,"comment_status":"closed","ping_status":"closed","template":"","meta":{"jetpack_post_was_ever_published":false,"footnotes":""},"jetpack_sharing_enabled":true,"jetpack_shortlink":"https:\/\/wp.me\/P33xOy-jJ","_links":{"self":[{"href":"http:\/\/www.bavarian-pathfinders.de\/index.php?rest_route=\/wp\/v2\/pages\/1223"}],"collection":[{"href":"http:\/\/www.bavarian-pathfinders.de\/index.php?rest_route=\/wp\/v2\/pages"}],"about":[{"href":"http:\/\/www.bavarian-pathfinders.de\/index.php?rest_route=\/wp\/v2\/types\/page"}],"author":[{"embeddable":true,"href":"http:\/\/www.bavarian-pathfinders.de\/index.php?rest_route=\/wp\/v2\/users\/1"}],"replies":[{"embeddable":true,"href":"http:\/\/www.bavarian-pathfinders.de\/index.php?rest_route=%2Fwp%2Fv2%2Fcomments&post=1223"}],"version-history":[{"count":5,"href":"http:\/\/www.bavarian-pathfinders.de\/index.php?rest_route=\/wp\/v2\/pages\/1223\/revisions"}],"predecessor-version":[{"id":1270,"href":"http:\/\/www.bavarian-pathfinders.de\/index.php?rest_route=\/wp\/v2\/pages\/1223\/revisions\/1270"}],"up":[{"embeddable":true,"href":"http:\/\/www.bavarian-pathfinders.de\/index.php?rest_route=\/wp\/v2\/pages\/1203"}],"wp:attachment":[{"href":"http:\/\/www.bavarian-pathfinders.de\/index.php?rest_route=%2Fwp%2Fv2%2Fmedia&parent=1223"}],"curies":[{"name":"wp","href":"https:\/\/api.w.org\/{rel}","templated":true}]}}

Äpfel

<p><strong><img loading="lazy" decoding="async" class="alignright size-medium wp-image-860" src="http://www.bavarian-pathfinders.de/wp-content/uploads/2013/04/Aepfel-199x300.jpg" alt="Aepfel.jpg" width="199" height="300" srcset="http://www.bavarian-pathfinders.de/wp-content/uploads/2013/04/Aepfel-199x300.jpg 199w, http://www.bavarian-pathfinders.de/wp-content/uploads/2013/04/Aepfel-99x150.jpg 99w, http://www.bavarian-pathfinders.de/wp-content/uploads/2013/04/Aepfel.jpg 533w" sizes="(max-width: 199px) 100vw, 199px" />Fahrer und Schrauber:</strong> Brenn Dirk, genannt <strong>Äpfel</strong></p>
<p>Langjähriger Autocrosspilot und damit auch früherer Wegbegleiter von QuPe. Vor dem Start die Ruhe in Person, &#8211; nach dem Start nicht mehr aufzuhalten! Gelernter Funkentretzer mit Schrauberqualitäten, leistet seit geraumer Zeit Entwicklungshilfe bei den 7&#8217;ern!</p>
<p><em><strong>Allgäu-Orient-Rallye 2013 &#8211; Veteran:<br />
&#8211; &#8222;A&#8217;h wah, des godd scho!&#8220; &#8211; </strong></em></p>
<p><strong>Rallye-Fahrzeug: </strong><br />
<strong>Fahrerkollege:</strong> <a href="http://www.bavarian-pathfinders.de/?page_id=1225">Andreas &#8222;Andi&#8220; Wanielik</a></p>

<p>Fahrer und Schrauber: Brenn Dirk, genannt Äpfel Langjähriger Autocrosspilot und damit auch früherer Wegbegleiter von QuPe. Vor dem Start die Ruhe in Person, &#8211; nach dem Start nicht mehr aufzuhalten! Gelernter Funkentretzer mit Schrauberqualitäten, leistet seit geraumer Zeit Entwicklungshilfe bei den 7&#8217;ern! Allgäu-Orient-Rallye 2013 &#8211; Veteran: &#8211; &#8222;A&#8217;h wah, des godd scho!&#8220; &#8211;  Rallye-Fahrzeug:  Fahrerkollege: Andreas &#8222;Andi&#8220; Wanielik<a class="read-more " href="http://www.bavarian-pathfinders.de/?page_id=1223" title="Read More"> <span class="button default">Read More</span></a></p>
